/(-1)*u/(-4). Determine d(s).
13
Let v(g) = g**2 - g - 2. Let s(j) = j**2 - 2*j - 1. Let w(l) = 2*s(l) - 3*v(l). Give w(-4).
-8
Let c = 6 - 4. Suppose -c*s + 7 + 3 = 0. Let o(a) = a**2 + 2 + a**2 - s*a - 6. What is o(4)?
8
Let d be -1 - (-2 + 1 - 4). Let t(c) = c**3 - 3*c + 3*c - d*c**2 - 1 - c. Suppose 4*q - q = -2*k - 4, 2*k - 5*q = 28. Calculate t(k).
-5
Suppose 4*q - 6*q = -3*d - 8, 4*q = 5*d + 14. Let a(r) = r**2 + r - 1. Let g(n) = 6*n**2 + 6*n - 5. Let m(t) = -4*a(t) + g(t). What is m(d)?
3
Let h(n) be the third derivative of -n**4/24 + n**3/2 - 19*n**2. Let c(u) = u**2 - 6*u + 2. Let z be c(5). What is h(z)?
6
Let c(b) be the first derivative of 0*b + 4 - 2*b**3 - 1/2*b**2. Let f = 1 + -2. What is c(f)?
-5
Suppose 0*o + o = -3*a + 14, 4*a = 5*o + 6. Let t(f) = 1 - 3*f**3 + f - 2*f**3 + a*f**3 - 3. What is t(-2)?
4
Let n(t) = t - 1. Let s be n(5). Let b(r) be the first derivative of r**2 + 4*r - 1. Let g(z) = 4*z + 8. Let c(h) = s*g(h) - 7*b(h). Give c(-3).
-2
Let d(k) = 2*k**3 + k**2 - 2*k - 1. Let q(f) = -f**3 + f + 1. Let s(w) = 4*d(w) + 7*q(w). Let m be (-6)/(-9*(-4)/24). Determine s(m).
7
Let d(r) = -r - 1. Let l(q) = -2*q + 9. Let y(v) = 3*d(v) - l(v). Give y(-9).
-3
Suppose -10 - 5 = -3*w. Let n(k) = 2*k + 4*k + 12 - 9 + k**2. Let y(m) = 3*m**2 + 13*m + 6. Let u(a) = 5*n(a) - 2*y(a). Determine u(w).
-2
Let d(c) = -c - 1. Suppose -2*s + 5*s = -84. Let l = s - -64. Let i be 38/9 - 8/l. Give d(i).
-5
Let f(o) = o. Let w(r) = 3*r - 4. Let a(y) = -4*f(y) + w(y). Give a(-7).
3
Suppose -8*u = 115 - 147. Let q(j) = -j**3 + 4*j**2 + 5. Give q(u).
5
Let s(b) = -b**3 - b**2 + b - 1. Let z(j) = -3*j**2 + 4*j - 1. Let g be z(1). Calculate s(g).
-1
Let c = 23 + -21. Let h(b) be the second derivative of 0 - 1/3*b**4 + 0*b**c - 1/6*b**3 - 2*b. Calculate h(1).
-5
Let s(g) = -2*g**2 + 4*g - 2. Let y be s(2). Let p(z) = -3*z**3 - 4*z**2 - 3*z. What is p(y)?
14
Let p(t) = -t**3 + 2*t - 1. Let w be 27/(-15) + (-4)/20. Give p(w).
3
Let k(s) be the second derivative of s**4/12 - 2*s**3/3 - 2*s**2 + 10*s. Determine k(6).
8
Let y(m) = -3*m**3 + 2*m**2 + 2*m + 6. Let l(j) = 10*j**3 - 5*j**2 - 5*j - 18. Let r(n) = -2*l(n) - 7*y(n). Determine r(5).
-1
Let o be (2/(-4))/((-6)/24). Let y(m) = -3 + 4*m + 0*m - 3 + m**2 + o. Give y(-4).
-4
Let m = -11 - -6. Let i(l) = l**2 + 6*l + 6. Calculate i(m).
1
Let u(w) = 13*w**2 + 4*w - 5*w - 10 + 0*w + 11. Let r = 0 - -1. Give u(r).
13
Let k(s) = 3*s**2 - 5*s - 2. Let y(z) = 2 - z**2 + 0*z + 5*z - 3*z**2 - z. Let a(h) = -5*k(h) - 4*y(h). Determine a(-6).
-16
Let z(v) = 3*v**3 - 27*v**2 - 33*v + 13. Let h(t) = -t**3 + 9*t**2 + 11*t - 4. Let s(y) = -8*h(y) - 3*z(y). Let g be s(10). Let u(i) = -i**2 + 3. What is u(g)?
-6
Let w(b) = -b - 2. Let u(x) = 5*x + 13. Let d(o) = -u(o) - 6*w(o). Give d(1).
0
Let p(x) = -4*x + 3*x - 4 - 2. Let o(c) = -1. Let b(y) = -11*o(y) + 2*p(y). What is b(2)?
-5
Let j(s) = -s**2 - 9*s - 5. Let o(q) = 2*q**2 + 19*q + 11. Let y(z) = 7*j(z) + 3*o(z). Calculate y(-6).
-2
Let b(c) = -c**3 + 4*c**2 - 2. Let t(r) = -r**3 - 2*r**2 - 3. Let a be t(-3). Let y be (27/(-12))/((-2)/8). Suppose -a = -5*u + y. Give b(u).
7
Let j = 13 - 8. Let z(d) = d**3 - 5*d**2 - 2*d - 4. What is z(j)?
-14
Let f(c) = -c**2 + 7*c - 6. Suppose -20*g + 15*g + 25 = 0. Give f(g).
4
Let s = 27 - 32. Let z(q) = -6*q**2 - 7*q - 1. Let y(d) = -d**2 + 1. Let k(w) = -5*y(w) + z(w). Give k(s).
4
Suppose 0 = -2*s + 12. Suppose -4*u + s = -u. Let w(c) be the first derivative of 2*c**2 + 2*c + 1. Give w(u).
10
Let u be 7 - (2*2)/2. Let b be (4/(-6))/(8/(-24)). Let o(q) = 0*q - 1 + 0*q - 3*q + 7*q - q**b. Give o(u).
-6
Let k(y) = -19*y**2 + 10*y + 6. Let q(w) = 13*w**2 - 7*w - 4. Let p(n) = -5*k(n) - 7*q(n). What is p(2)?
12
Let x(g) be the second derivative of -g**5/20 - g**4/3 + 5*g**2/2 - g. Let w = -85 - -81. Give x(w).
5
Let a(q) be the third derivative of -q**6/60 + q**4/24 + q**3/3 - 4*q**2. What is a(-2)?
16
Let d(x) = x**3 - 2*x**2 - 2*x - 3. Let c be d(3). Let u(n) = 4*n - 8*n + 1 - 8 + 5*n. Determine u(c).
-7
Let p be 1*4 - (1 - -1). Suppose -3*s + 3 = -p*s. Let r be (2/(-6))/(s/(-18)). Let j(v) = -v + 2. What is j(r)?
0
Let f(z) be the first derivative of 4*z**2 - z - 43. Calculate f(2).
15
Let t(n) = -n**2 - n + 2. Let u(c) = 2*c**2 + 2*c - 3. Let s(l) = 7*t(l) + 3*u(l). Determine s(0).
5
Let g(j) be the second derivative of 0 - 7*j - 3/2*j**2 + 1/3*j**3. What is g(3)?
3
Let a(c) = c**2 + c + 1. Let o(g) = -g**3 + 8*g**2 - 6*g + 6. Let j(l) = a(l) - o(l). Calculate j(6).
1
Let p(s) = 6*s + 5. Let q be p(-2). Let d(k) = k**3 + 8*k**2 + 7*k - 3. Let b be d(q). Let n(i) = i**3 + 3*i**2 + 2*i - 3. Calculate n(b).
-9
Let n(z) = -9*z**2 + 2*z + 2. Let o(y) = -1 - 2*y + 0*y + y. Let q be (-3)/2*(-8)/6. Let f(b) = q*o(b) + n(b). Calculate f(1).
-9
Let a(l) = -l**3 - 4*l**2 + 2*l + 5. Suppose -j - 5*z - 9 = 0, 4*j = -j + 4*z - 16. Determine a(j).
-3
Suppose 2*m = -3*m - 10. Let v(p) be the second derivative of -p**3/6 + p**2 - p. Determine v(m).
4
Let m(s) = s**3 + 8*s**2 - 10*s - 3. Suppose 0 = 3*l + 5*j + 17, 4*l + 17 = 3*l + 4*j. Give m(l).
6
Let o(i) = i**2 - 6*i - 1. Let g be o(6). Let p be (g*34)/(1 + 0). Let a be p/9 - (-10)/(-45). Let l(s) = -s**2 - 4*s + 4. Determine l(a).
4
Let u(b) = 7*b - 4. Let k(s) = -6*s + 3. Let n(z) = -3*k(z) - 2*u(z). Calculate n(-5).
-21
Suppose -62 = -3*f - v - 3*v, -52 = -3*f + v. Let u be f/(-5) + (-4)/10. Let s(l) = 2*l + 1. Give s(u).
-7
Let m(k) = k**3 - 3*k**2 - 3*k + 6. Let w = 2 + 1. Let a be 3*w/((-18)/(-8)). Give m(a).
10
Suppose -3*k + 3*o = 21, -o - 3*o - 2 = k. Let p(u) = -u**2 - 5*u. Determine p(k).
-6
Let z(q) = q**3 + 5*q**2 - 8*q - 3. Let n = -80 - -74. Give z(n).
9
Suppose i = -4*r + 16, 6*i + 16 = i + 4*r. Let x = -5 + i. Let u(v) = 3*v + 3. What is u(x)?
-12
Let r(j) = j**2 - 2*j - 4. Let w(p) = 4*p + 5. Let d(l) = 3*l + 4. Let y(x) = -5*d(x) + 4*w(x). Let z(q) = -r(q) + 2*y(q). Give z(4).
4
Let f(z) = 2*z + 1. Let d(o) = -7*o - 1. Suppose 5 = -6*c + c. Let y be d(c). Give f(y).
13
Let n(h) be the first derivative of -3*h**4/4 - 2*h**3/3 + h**2 + 3*h + 44. What is n(-2)?
15
Let m(o) = o**3 + o**2 - 5*o + 3. Suppose 6*n - 12 = 9*n. Give m(n).
-25
Let c be (1 + 9)*4/(-8). Let b(s) = s**2. Let l(n) = 4*n**2. Let u(f) = c*b(f) + l(f). Let g be u(-1). Let o(v) = -6*v**2 + 2*v + 1. Determine o(g).
-7
Let r(g) = -g + 5. Let h be r(0). Let l(c) = -c**3 + 6*c**2 - 4*c + 1. Calculate l(h).
6
Let t be (-52)/(-6) + 6/(-9). Let c(z) = 7*z**2 - 9 - t*z - 4*z**2 - 4*z**2. What is c(-6)?
3
Let h(q) = q**2 + 6*q - 3. Suppose -y = 39 - 9. Let p be ((-1)/3)/((-2)/y). Calculate h(p).
-8
Let a be (2/(-3))/(2/(-18)). Let v be 1*(-2 + a)*1. Let s(z) be the first derivative of -3*z**2/2 + 3*z + 2. What is s(v)?
-9
Suppose -5*a - 2*q + 44 = 0, 0 = -4*a + 4*q - 7*q + 38. Let n(f) = f - 5. Determine n(a).
3
Suppose 5*y - 2*y - 9 = 0. Let k(h) be the first derivative of h**4/4 - 4*h**3/3 + h**2 + h + 1. What is k(y)?
-2
Let y(n) = 2*n**3 - 4*n**2 + 3*n - 1. Let a be 12/8*4/3. Give y(a).
5
Let m be (-12)/(-7) + -2 - 188/28. Let x(t) = -2*t + 8. Give x(m).
22
Let z(y) be the first derivative of -7*y + 3/2*y**2 - 9. Give z(6).
11
Let c(m) = 4*m**2 + m + 9. Let s(g) = -3*g**2 - g - 8. Let r(l) = 4*c(l) + 5*s(l). What is r(4)?
8
Suppose 3*q = 3, 3*x - 4*q + 5 = q. Suppose 0 = -x*w - 2*w + 8. Let a(s) = 1 - 1 - s**2 + 4*s + 2. Calculate a(w).
2
Let v = 4 - 2. Let w(d) = -3*d + 19. Let b be w(6). Let m(l) = 4 + v - b + l - 1. What is m(-3)?
1
Suppose 2 = 5*h - 8. Let j(y) be the first derivative of -1/2*y**2 + 3*y - 5. Calculate j(h).
1
Let n be 2/3*3/(-2). Let x(c) be the first derivative of 0*c + 1/2*c**2 - 5/3*c**3 - 2. What is x(n)?
-6
Let n(a) = a - 1. Let y(w) = 10*w - 6. Let m(k) = -8*n(k) + y(k). Determine m(-6).
-10
Let m(q) = -2*q**2 + 4*q - 3. Suppose 3*v - 5*v + 9 = z, -3*z + 11 = 2*v. Let g be ((-6)/10)/(z/(-5)). What is m(g)?
-9
Suppose -3*s + 5*s = -a - 15, 0 = 3*s + 2*a + 22. Let q = s - -9. Let z(f) = -8*f + 1. Determine z(q).
-7
Let a = 1 + -2. Let z(d) be the third derivative of 1/24*d**4 + 1/6*d**3 - 11*d**2 - 1/10*d**5 + 0 + 0*d. What is z(a)?
-6
Let n(x) = -2*x**2 + 6*x + 7. Let d be (10 - 3) + 1 + -3. Give n(d).
-13
Let z = -4 + 7. Let w(n) = 4*n**2 + 6 - z*n + 2*n**3 + 7*n - 3 - n**3.